inder when s is divided by 3.
0
Let w(a) = -a**3 - 3*a**2 - 2*a - 3. Suppose 2*f + 10 = 4. Let c be w(f). Suppose c*i - 80 = -17. What is the remainder when 62 is divided by i?
20
Suppose -7*g + 39 = -4*g. Let m(i) = 7*i**2 - 2*i - 1. Calculate the remainder when g is divided by m(-1).
5
Suppose -g + 24 = -s - 156, 0 = 5*g + 3*s - 940. Suppose -g = -5*y + 50. What is the remainder when y is divided by 24?
23
Let l be (0 - 1)*(-18)/6. What is the remainder when -3*(2 - 83/l) is divided by 16?
13
Suppose 0 = -d - 3*w - 17, d + 0*w + 5*w = -25. Calculate the remainder when 0 - 0 - (18 - 67) is divided by 19 - (-2 - (d - -1)).
15
Suppose 3*t + 12 = 5*z + 4, 5*t + z = 24. Suppose 0 = 4*x - 5*j - 109, -2*j + 2 = t. What is the remainder when x is divided by 14?
12
Let b be 72/16 + (-2)/4. Suppose 0 = b*n - 5*n + 70. Calculate the remainder when n is divided by 12.
10
Suppose 3*y + y - 213 = -5*a, 0 = 5*y - 3*a - 220. Let o(b) = b**3 - 9*b**2 - 9*b + 14. What is the remainder when y is divided by o(10)?
23
Suppose -b = -0*b - 114. Suppose -4*u = 0, -b = -2*v + 3*u + u. Calculate the remainder when v is divided by 15.
12
Let o be 3*1*(-2)/(-2). Let j = o + 1. Suppose -36 = -4*z + j*t, -z + 3*z + 5*t - 25 = 0. Calculate the remainder when 19 is divided by z.
9
Let t = 154 - 232. Suppose -4*o + 2*o + 76 = 0. Calculate the remainder when o is divided by (1/3)/((-2)/t).
12
Suppose 0 = 3*w - 32 + 5. Calculate the remainder when w is divided by (9/3 - -5) + -3.
4
Suppose -4*o + 64 = -c, 4*o + 3*c - 63 = -o. Calculate the remainder when 88 is divided by o.
13
Suppose h + 0 - 2 = 0. Suppose 5*f - 12 = h*f. Calculate the remainder when 6 is divided by f.
2
Suppose f - 210 = -3*q - f, -3*f = -5*q + 331. Calculate the remainder when q is divided by 18.
14
Let z = 2 - 7. Let j = z - -43. Suppose -3*d - 2*o - 3*o = -19, -d + 17 = -o. Calculate the remainder when j is divided by d.
12
Let k = 14 - -23. Calculate the remainder when k is divided by 8.
5
Suppose 5*m - 10 = -0*m. Let y be -2*1/m + 4. Suppose -2*z - 8 = -g, -z - 36 = -y*g + 2*z. What is the remainder when g is divided by 9?
7
Let j(g) = -g**3 + g**2 - g + 3. Let q be j(0). Suppose -4*l = -5*l + q. What is the remainder when 30 is divided by (-2)/(-1) + 42/l?
14
Suppose 0 = -2*f, 4*t - 108 = 7*f - 2*f. Calculate the remainder when t is divided by 10.
7
Suppose -4*s + 10 = -58. What is the remainder when 48 is divided by s?
14
Let z = 74 - 51. Calculate the remainder when 68 is divided by z.
22
Let u(z) = -z + 4. Suppose 0*g - g = -2*a + 7, -5*g = -4*a + 5. Let b be u(a). Let p = b + 14. What is the remainder when p is divided by 5?
3
Suppose 74 - 4 = 5*u. Calculate the remainder when 52 is divided by u.
10
Suppose -4*k - 5*c = -40, -2*c + c = 0. Suppose z - k = 5. Let t(a) = -a**2 + 9*a - 6. Calculate the remainder when z is divided by t(7).
7
Suppose 0 = -8*x + 4*x - 36. Let j = 20 + x. What is the remainder when 20 is divided by j?
9
Suppose -k + 3*r - 21 = -2*k, -4*k + 2*r + 98 = 0. Calculate the remainder when 70 is divided by k.
22
Suppose 53 = y - 12. Suppose -4*a - t = 2*t - 264, y = a + t. Suppose 4*s + 21 = a. Calculate the remainder when s is divided by 7.
5
Suppose -3*i = j - 5*i - 93, 2*j + i - 186 = 0. What is the remainder when j is divided by 33?
27
Let l(y) = 10*y**3 + 2*y**2 + 3*y + 8. Let w(i) = 3*i**3 + i**2 + i + 3. Let a(k) = 3*l(k) - 8*w(k). What is the remainder when a(1) is divided by 2?
1
Let d(u) = -3*u + 4. Let o be d(4). Let b = 20 + o. Suppose 2*s + 2*s = 28. What is the remainder when b is divided by s?
5
Let i = 11 - 0. Let p = 20 - i. Let k = 6 - -11. Calculate the remainder when k is divided by p.
8
Suppose -3*m - 5*g = -5, -5*m - 3*g + 25 = 2*g. Calculate the remainder when 37 is divided by m.
7
Let a(s) = -s**2 - 5*s + 4. Let n be 4/(-14) - (-99)/(-21). Let l be a(n). Suppose -76 = -l*p - 0*p. What is the remainder when p is divided by 10?
9
Let p = 3 - 1. Suppose 0 = 6*t - 25 - 5. Suppose -p*x - 101 = -3*b, t*b - 41 = -5*x + 119. Calculate the remainder when b is divided by 12.
9
Let d be (-1 - 2)*4/(-12). Suppose 9 = z + d. Calculate the remainder when z is divided by 3.
2
Suppose -61*q = -69*q + 520. What is the remainder when q is divided by 17?
14
Let h = 28 + -19. Let a be 6/(-27) - (-74)/h. Calculate the remainder when 32 is divided by a/20 - (-106)/10.
10
Let l = 45 + -23. What is the remainder when l is divided by 8?
6
Let y be (-1)/((-2)/(-20)*-2). Let t = y - 2. Suppose 0 = 2*l, t = 2*r + 3*l - 7. Calculate the remainder when 9 is divided by r.
4
Suppose -3*q + 0*q = -g + 50, -q = -4*g + 255. Suppose g = -x - 2*n, x + 0*n - n + 53 = 0. Let m = -41 - x. What is the remainder when 31 is divided by m?
15
Suppose 4*i + v = 4*v + 13, -i - 3*v + 7 = 0. Let o = 7 - i. What is the remainder when 3 + (-1*3)/(-3) is divided by o?
1
Suppose m = 21 - 3. What is the remainder when 346/10 - 10/(-25) is divided by m?
17
Suppose -5*n - 68 = -273. Suppose -4*f - 5*g + 56 = 0, -f - g + 4*g = -14. What is the remainder when n is divided by f?
13
Let d(f) = -f**2 - 3*f + 4. Let t = 5 - 8. Let a be d(t). Suppose w - 2*g = -2, 2 = 5*w - a*g - 6. Calculate the remainder when w is divided by 3.
1
Suppose 2*y + 7 = y. Let v = y + 21. Calculate the remainder when 40 is divided by v.
12
Suppose 0 = -3*c - 3*c + 54. Suppose -4*a + 88 = 4*u - 0*u, 6 = -3*u. What is the remainder when a is divided by c?
6
What is the remainder when 2 + 1 - 2 - -6 is divided by 4?
3
Let p = -72 + 125. Let m be (-2)/(-4) - (-77)/(-2). Let y = m + 56. What is the remainder when p is divided by y?
17
Suppose 2*n = 5*n - 306. Suppose 5*u - 2*u - n = 0. Calculate the remainder when u is divided by 12.
10
Suppose 5 + 20 = -5*z. What is the remainder when 16/(-40) - 222/z is divided by 9?
8
Suppose -26 = -h - 96. Let i = 102 + h. Calculate the remainder when i is divided by (2 + -5)*22/(-6).
10
Let l(n) = -4*n + 3. Calculate the remainder when l(-11) is divided by 10.
7
Calculate the remainder when 6 is divided by (-6)/((-7)/(14/4)).
0
Suppose 0 = -3*y - y + 144. Suppose 2*r - 2 = 0, -k + 0*r - 3 = r. Let p = 15 - k. Calculate the remainder when y is divided by p.
17
Let b(v) = v**2 + 8*v - 11. Let x be b(-9). Calculate the remainder when x/(-5) - 288/(-5) is divided by 20.
18
Let q = -4 + 7. Let a be 6/(-3) + (5 - q). Suppose a = 6*v - v - 80. Calculate the remainder when 45 is divided by v.
13
Let h be (24/(-15))/((-2)/30). Suppose -31 = -5*v + h. Calculate the remainder when 19 is divided by v.
8
Calculate the remainder when (-705)/(-55) - (-2)/11 is divided by 7.
6
Let n = 150 - 102. Calculate the remainder when n is divided by (-5)/((-10)/34) - 0.
14
Let g(b) = -b**3 + 31. What is the remainder when g(0) is divided by 16?
15
Let q = -49 - -77. Suppose -1 = -3*p - q. Let u = 23 + p. What is the remainder when 27 is divided by u?
13
Let n be 27 - (1 + 2 + -1). Let w = 76 - n. Calculate the remainder when w is divided by 13.
12
Suppose -100 = -2*j + 162. Let f = j + -64. What is the remainder when f is divided by 23?
21
Suppose h - 6 = 2. What is the remainder when 22 is divided by h?
6
Let k(o) = -o**2 + 1. Let a be k(-2). Let d(i) = -6*i + 3. What is the remainder when 62 is divided by d(a)?
20
Suppose -5*b + 3*m + 220 = 0, 12 = -4*m - 8. Let u be 9*1*(2 - 3). What is the remainder when b is divided by 124/9 + (-2)/u?
13
Calculate the remainder when ((-3010)/(-9))/7 + (-2)/(-9) is divided by 10.
8
Let q = -66 - -96. Let t = 615 - 599. Calculate the remainder when q is divided by t.
14
Let l(v) = 2*v**2 - 5*v + 3. Let u(c) = 3 - 1 - 2 + 30*c - 1. What is the remainder when u(1) is divided by l(4)?
14
Suppose -4*s + 24 - 4 = 0. Suppose 2*l - 25 = 3*n - 4*n, -s*n - 2*l + 125 = 0. What is the remainder when 49 is divided by n?
24
Suppose 61 = 3*d + 4*b + b, 5*d + 4*b = 93. What is the remainder when 48 is divided by d?
14
Suppose u + x - 3 = 1, 0 = 2*x. Let i(v) = -v**2 - 6*v - 7. Let r be i(-7). Let k = r - -17. What is the remainder when u is divided by k?
1
Suppose 4*j - 4 = 0, -r + j = -0*j - 1. Let u be (-6 + 0)/1*1. Calculate the remainder when (3/u)/(2/(-16)) is divided by r.
0
Let k = -14 + 26. Suppose 5*d - 406 = 634. Suppose 4*s - d = 4*j, -4*s + 2*j + 209 = 11. Calculate the remainder when s is di